7
Let n(c) = -2*c**3 - 13*c**2 - 8*c + 2. Let l be n(-6). Suppose l*x = 12*x + 6. Let p(y) = -2*y**2 - 170*y**3 + 172*y**3 - x - 2*y**2. Determine p(3).
15
Let t(d) = d**3 + 7*d**2 - 8*d + 4. Let o be t(-8). Suppose -2 = 2*h + 2*j, -4*j + 5*j = o*h - 16. Let s(n) = 4 + n**2 + 1 - 4*n - 6. Determine s(h).
-4
Let o(i) be the first derivative of -i**6/360 + i**5/15 - 5*i**4/12 + 89*i**3/3 + 39. Let k(p) be the third derivative of o(p). What is k(5)?
5
Let z(h) = 11*h - 156. Suppose -42*y - 84*y + 18*y = -1620. Determine z(y).
9
Let j(z) be the second derivative of z**5/10 - z**3/3 - 21*z**2/2 - 1481*z. Give j(0).
-21
Suppose -6 = -2*z + 6. Suppose l = 8 - z. Let i(p) = p**l + 4*p**2 + p**2 + p**3 - 1 + 4. Determine i(-6).
3
Let m(i) = -112*i + 24. Let k be m(-1). Suppose 0 = 33*c - 50*c - k. Let a(b) = -b**3 + 3*b**2 - 10*b**2 + 3*b + 6*b + 3. Give a(c).
-5
Let f be 0 + (-146)/(-20) + (-213)/710. Let r(q) be the first derivative of f*q + 1/2*q**2 - 10. Give r(-3).
4
Let q(z) = -47*z + 205. Let b be q(4). Let g be (-7 - -1)/(-16 + b). Let s(w) = -w**3 - 6*w**2 + 7. Give s(g).
7
Let z(w) = -w + 3. Let g(i) = -3*i**2 + i - 3. Let h(u) = -13*u**2 + 5*u - 11. Let d(s) = -9*g(s) + 2*h(s). Let v be d(-2). Determine z(v).
-4
Let b(c) = 2*c**3 - c**2 - 3*c + 2. Let w be ((-4)/(-1))/(-1)*(-1 + 0). Suppose -o - 1 = -v - 12, w*o - 5*v = 49. Suppose -o - 6 = -6*z. Determine b(z).
8
Let k be (41/(-3))/((-3)/81). Let p = 368 - k. Let l(r) = -14*r**2 + 1 - 1. Calculate l(p).
-14
Let k(j) = 2*j - 4. Suppose 5*f - 23 = -73. Let o = 15 + f. Suppose -5*w - 13 = a - 0, -o*w - 5*a = 5. Calculate k(w).
-10
Let p(h) = 17*h + 22. Let y(q) = -135*q - 170. Let x(t) = -25*p(t) - 3*y(t). What is x(-2)?
0
Suppose 0 = 5*w + 5*n + 50, 0 = -20264*w + 20260*w - 5*n - 53. Let j(b) = 0 + 0 - 2*b. Let g(m) = -m. Let f(c) = -6*g(c) + 4*j(c). Determine f(w).
-6
Suppose -5*j + 17 = -1018. Let d = 200 - j. Let k(v) = v**2 - 3*v + 1 + v + 5*v + 5*v. Determine k(d).
-6
Let n(g) be the third derivative of g**7/2520 - g**6/80 + 7*g**5/60 + 33*g**4/4 + 2*g**2 - 32*g. Let h(a) be the second derivative of n(a). Calculate h(6).
-4
Let n(a) be the first derivative of a**5/20 + 7*a**4/12 - 2*a**3/3 - 4*a**2 - 100*a - 43. Let d(v) be the first derivative of n(v). Determine d(-7).
20
Let b(x) = -x**3 - 18*x**2 - 14*x + 44. Let m(j) = -159*j - 653. Let s be m(-4). Calculate b(s).
-7
Let z = 15215/2 + -7607. Let k(l) be the third derivative of 0*l - 1/24*l**4 + z*l**3 + 0 - 14*l**2. Calculate k(-7).
10
Let s(r) = r**2. Let l(k) = k**2 - 4*k - 8. Let v be l(6). Suppose -3*d = -5*j - 6, -d + 13 = v*j - 2*j. Suppose -d*u = -4*u + 6. Determine s(u).
4
Let k(m) = -4*m + 30 + 2 - 90. Determine k(-12).
-10
Suppose 0 = -g + 2*f + 9, 495*g - 498*g + 4*f + 17 = 0. Let m(o) = -8*o**2 - 1. What is m(g)?
-9
Let r(i) = 2*i**2 - 5*i + 7. Let q = 381 - 881. Let x = q + 505. Give r(x).
32
Let l(y) be the second derivative of -y**5/10 - 15*y**4/2 + 3*y**2 - 8233*y. Give l(-45).
6
Suppose 11 = 6*h - 1. Suppose 5*p - h*m = 3, 5*p - 6*p - 1 = -2*m. Let g(b) = 28*b**3 - b - 58*b**3 + p + 42*b**3. Give g(1).
12
Let w = 32 - 26. Let y be (216/(-16) - w/(-4))*1. Let b(n) = -n**3 - 11*n**2 + 13*n + 16. Give b(y).
4
Suppose 3 = -3*p - u - 0*u, -6 = 2*u. Let s be (9 - p)/(-3) - -6. Let h(q) = 6*q**3 + 2 - 4*q**2 - 7*q**3 + 2*q + 2*q**3. What is h(s)?
-1
Let d(v) = -v**3 - 7*v**2 - 3*v - 20. Let x(g) = -8*g**3 + 4*g**2 + 77*g - 80. Let n be x(1). Determine d(n).
1
Let i(q) = -q**2 - 4*q + 4. Let n be ((-2)/(-3))/(6/9). Suppose 2*y + 6 = 0, 17*y = 2*w + 22*y - 29. Let a be (n - 1) + (18 - w). Give i(a).
4
Let o = -81 - -119. Let w = -32 + o. Let r(z) = -4*z**3 + 6*z**2 + 9*z - 1. Let x(y) = 5*y**3 - 6*y**2 - 10*y + 2. Let p(n) = w*r(n) + 5*x(n). Calculate p(-5).
9
Let z(t) = 17 - 23652*t**2 + 11825*t**2 - 25*t + 8*t + 11832*t**2. Calculate z(6).
95
Let s(z) = -7*z**3 - 8*z**2 - 2*z - 3. Let g(n) = 3 - 33*n**2 - 2 + 72*n**2 - 35*n**2 + 3*n**3. Let l(j) = -5*g(j) - 2*s(j). What is l(-5)?
6
Let h = -450 + 498. Let l be 77/(-14)*h/(-44). Let j(x) = x - 17. Calculate j(l).
-11
Let o(p) = p**3 - 15*p**2 - 34*p - 9. Let b(g) = g**3 - 2*g**2 - 12*g + 33. Let h be b(4). Determine o(h).
-9
Let p(t) = 447 + t - 232 - 228. Let h be -2 - -2 - (-3 + 1). Let i be (-344)/(-34) - h/17. What is p(i)?
-3
Let p(r) = 936 - 1824 + 959 - 2*r. Calculate p(39).
-7
Let q(k) = -64513*k**2 - 64511*k**2 + 3*k - 1 + 129019*k**2 - 7*k**3. Determine q(-2).
29
Let n(t) be the second derivative of 2*t**3/3 + t**2 - 854*t. Calculate n(4).
18
Let u be (9 - (2 - -2))*3/5. Let x(d) = -4*d**2 + d**2 + d - 2 + u + 0*d**2. Let j(r) = r**2 + r. Let z(c) = 2*j(c) + x(c). Give z(4).
-3
Let d(b) = -b**2 + 7*b - 5. Let t(y) = -6*y + 83. Let c be -1 + 6/(-2) - -17. Let m be t(c). What is d(m)?
5
Let y(u) = -u**2 - 515*u + 162 + 291*u + 275*u - u**2. Calculate y(-3).
-9
Let o(p) = -9*p**3 + 5*p**2 + 15*p - 21. Let a(g) = 40*g**3 - 18*g**2 - 61*g + 86. Let x(w) = 2*a(w) + 9*o(w). What is x(11)?
-116
Let f(d) = 13*d**3 + 7*d**2 - 3*d - 9. Let v be f(-1). Let z(k) = k**3 + 13*k**2 + 14*k + 19. Determine z(v).
-5
Let x(c) be the second derivative of -c**4/12 - 7*c**3/2 - 91*c**2/2 - 205*c. What is x(-15)?
-1
Let f(a) = -a - 1. Let t(p) = -13*p - 49. Let b(l) = 4*l + 16. Let o(v) = 8*b(v) + 3*t(v). Let r(j) = -5*f(j) + o(j). Give r(-10).
6
Suppose -9*k = k + 410. Let x = k + 42. Suppose 0 = b - 2*j + 7, -2*b + 2*j - x = b. Let y(u) = -u - 4. What is y(b)?
-7
Let n(q) = -q**2 + 1. Let z be (486/4)/(54/72). Let v(a) = -17*a**2 - 177 + z + 2*a**3 + a - a**3. Let g be v(17). Determine n(g).
-3
Suppose -z + 14 = 4*q, 4 + 6 = 3*z - 4*q. Suppose 0 = -t + 4*a + 12, -14 = 5*t - 3*a - z. Let c(k) = -k**2 + 5. Determine c(t).
-11
Let m = -3008 - -3002. Let a(o) = o**3 + 7*o**2 + 8*o + 10. Determine a(m).
-2
Suppose -4*g - 2 = -26. Suppose 26 = -g*q - 10. Let f(j) = 5*j**2 + 3*j - 5. Let k(d) = 14*d**2 + 8*d - 14. Let n(l) = q*k(l) + 17*f(l). Give n(2).
9
Let t(y) = y**2 - 13*y + 1. Suppose -o = -2, 2*q = 5*o - 0 - 2. Suppose 0 = s + 3*w + 4, -6*w + 8 = 2*s - q*w. Suppose -116 = -s*i - 12. Determine t(i).
1
Suppose 0 = w + 3*a - 20, 20 = 2*w - 6*a + 7*a. Let d(m) = 4*m**3 + 8. Let s(q) = -q**3 - 1. Let u(x) = w*s(x) + d(x). Determine u(-2).
32
Let d(r) = -r**3 + 7*r**2 + 169*r - 4. Let v be d(17). Let k(h) = h**3 + 20*h**2 - 21*h - 10. Calculate k(v).
-10
Let y be 18/(-8)*2*-2. Let r = -145 - -150. Let x(c) = 12*c - 18. Let k(t) = 17*t - 26. Let p(v) = r*k(v) - 7*x(v). Calculate p(y).
5
Suppose 0 = -7*u + 481 + 352. Let m = u + -124. Let d(r) = -3*r - 5. Determine d(m).
10
Suppose -15 = -8*y + 17. Let j be y - 3*(-2)/6. Suppose -j*q - 1 = 4. Let w(h) = -14*h - 1. Determine w(q).
13
Let g = 1355 + 1188. Let s(k) = 3 + 1272*k + 0 + 1265*k - g*k. Give s(4).
-21
Let k(g) = -5 - 92*g**3 + 91*g**3 + 107995*g**2 - 108007*g**2. Calculate k(-12).
-5
Let n(v) be the second derivative of v**5/40 - 5*v**4/24 + 4*v**3/3 + v**2 + 3*v + 11. Let l(f) be the second derivative of n(f). Give l(-6).
-23
Let k be (-6)/(-18) - (-102)/(-9). Let l(h) = -h**2 - 18*h - 70. Let j be l(k). Let s(f) = -f**3 + 8*f**2 - 7*f - 9. Calculate s(j).
-9
Let o = 9676 - 9684. Let c(i) = 3*i + 31. Determine c(o).
7
Let g(t) = 111896*t**3 - 3*t**2 + 32 - 111897*t**3 + 14 + 2*t + 15*t. Calculate g(-4).
-6
Suppose -3*a + 11 = -13*h + 15*h, -5*a + 17 = 4*h. Let t(u) = u - 12. What is t(a)?
-7
Suppose 2*c = 3*y + 1, c - 4*y - 13 = -0*c. Let b be (-8)/28 - ((-61)/c + -1). Let n(s) = s**2 + 6*s - 12. What is n(b)?
4
Let n(u) = -u**3 - 6*u**2 + 90*u + 7. Let r = 2586 + -2579. Give n(r).
0
Let v(n) = 4*n + 4. Suppose 0 = -2*a + 23*c - 27*c + 18, -5*a + 2*c = -9. Determine v(a).
16
Let a = -16 + 10. Let p(d) = -3*d**2 - 9*d - 136. Let z(f) = f**2 + 3*f + 50. Let m(s) = -4*p(s) - 11*z(s). Give m(a).
12
Let x = 0 - -1. Suppose 4 = -4*h - 0*h. Let d(q) = q. Let o(n) = 5*n. Let m(y) = h*o(y) - 2*d(y). Determine m(x).
-7
Let w(f) = 2*f + 7. Suppose -15*n + 3124 + 86 = 0. Suppose 217*r - n*r = -9. Determine w(r).
1
Let a = 281 - 373. Let r be (-69)/(-15) + (5 - a/(-20)). Let l(i) = -i**2 + i - 2. Let g(s) = -s**2 - 3. Let y(u) = -3*g(u) + 4*l(u). Give y(r).
-4
Let z(n) = 6*n**3 - n**2 - 4*n + 38. Let v be z(4). Suppose -2*y = -v + 402. Let r(i